hat is 635 + 13?
651
In base 12, what is -4981 + 3?
-497a
In base 16, what is -4dc0 - -5?
-4dbb
In base 10, what is 148 - -8316?
8464
In base 11, what is -5634 - -9?
-5626
In base 9, what is -143 + -185?
-338
In base 13, what is -1ac82 - 3?
-1ac85
In base 3, what is -100 + 1010011102?
1010011002
In base 4, what is 3 - 210102200?
-210102131
In base 16, what is -68f2 - -3?
-68ef
In base 12, what is a7 + -577?
-490
In base 15, what is -bbb0 - -2e?
-bb81
In base 11, what is -31441 + -3?
-31444
In base 3, what is 2 + -201022001?
-201021222
In base 7, what is 1654056 - -4?
1654063
In base 7, what is 2 - 64026?
-64024
In base 7, what is 4 + 36553?
36560
In base 2, what is -1000110 - -10111101111?
10110101001
In base 13, what is -54 + -98a?
-a11
In base 4, what is 13 + 111010200?
111010213
In base 5, what is -1201241411 + -10?
-1201241421
In base 7, what is 30 + 321655?
322015
In base 9, what is -3 + -15444?
-15447
In base 13, what is 4398 + -4?
4394
In base 2, what is 1000111000010000001110 - -1?
1000111000010000001111
In base 3, what is -11 + 121101200?
121101112
In base 15, what is 1ab - 118e?
-ed3
In base 4, what is -100110200312 - 11?
-100110200323
In base 8, what is -6137 - -304?
-5633
In base 2, what is 1 + 10001011110100?
10001011110101
In base 5, what is -214 - 1020?
-1234
In base 8, what is -1202 - -24432?
23230
In base 6, what is -41114 - 14?
-41132
In base 5, what is -3 + 103412?
103404
In base 3, what is -221222 + 1?
-221221
In base 8, what is 24462 + 110?
24572
In base 13, what is 0 - 43b640?
-43b640
In base 2, what is 10 + 11001111011010011?
11001111011010101
In base 14, what is ad5a + 1a?
ad76
In base 3, what is 100110102202 + 22?
100110110001
In base 16, what is -a44 - 58?
-a9c
In base 7, what is 12055 + -53?
12002
In base 5, what is 40020 - 1103?
33412
In base 9, what is -131 - -303?
162
In base 10, what is 255229 + 5?
255234
In base 13, what is a1a5 + a?
a1b2
In base 6, what is 114333 + 321?
115054
In base 10, what is -1 - 114925?
-114926
In base 11, what is 39721 - -26?
39747
In base 9, what is -4 - 144256?
-144261
In base 12, what is -1b - -2b2?
293
In base 9, what is 4 - 418481?
-418476
In base 7, what is 4040 - 420?
3320
In base 15, what is -9652 - -3?
-964e
In base 7, what is -4312044 - 4?
-4312051
In base 5, what is -404411 - -4?
-404402
In base 16, what is -59 - -1df?
186
In base 2, what is -1101000 - 101011010101101?
-101011100010101
In base 3, what is -1 + -10222202112?
-10222202120
In base 10, what is 25 + -1875?
-1850
In base 15, what is -5b - 1d2?
-23d
In base 16, what is 693b + -b?
6930
In base 12, what is a + -30?
-22
In base 13, what is -b19 - 28?
-b44
In base 7, what is 252 + 3?
255
In base 12, what is -63a43 - 4?
-63a47
In base 10, what is 49 - -15858?
15907
In base 4, what is -333202 - 2?
-333210
In base 7, what is 0 + -226114?
-226114
In base 15, what is -42 + 5270?
522d
In base 8, what is 5326 - -201?
5527
In base 14, what is 1298 + 2b?
12c5
In base 2, what is -101 + -1011111111110110?
-1011111111111011
In base 14, what is -3 + 2925c?
29259
In base 7, what is 21024 + -11?
21013
In base 4, what is -202001222 - 20?
-202001302
In base 5, what is -24230 + -11?
-24241
In base 7, what is 6526 - 130?
6366
In base 11, what is 238 - 3a?
1a9
In base 10, what is -4 - 103404?
-103408
In base 9, what is 2 - -1783701?
1783703
In base 13, what is 289a - -19?
28b6
In base 12, what is 47a0 + -502?
429a
In base 2, what is -101101111100101011 + -11?
-101101111100101110
In base 8, what is -1343602 + -3?
-1343605
In base 7, what is -1 - 6414350?
-6414351
In base 2, what is -1000111101110010010 - -10?
-1000111101110010000
In base 8, what is -10 + 44253?
44243
In base 14, what is a - 847?
-83b
In base 5, what is -14 - 22210023?
-22210042
In base 7, what is -132 + -264?
-426
In base 3, what is -11 + 10111010210?
10111010122
In base 5, what is -31 + -14440?
-20021
In base 13, what is 90926 + 2?
90928
In base 11, what is -449a + -264?
-4753
In base 16, what is 23a + 1c?
256
In base 16, what is 0 + -7c?
-7c
In base 11, what is -107 + 176?
6a
In base 9, what is -6185 - 76?
-6272
In base 13, what is 10b4 - -11?
10c5
In base 9, what is -104 + -8175?
-8280
In base 10, what is 22 + -5404?
-5382
In base 16, what is 14530 + -1?
1452f
In base 11, what is 1303 - 0?
1303
In base 11, what is 8 + -4636?
-4629
In base 10, what is 146 - 560?
-414
In base 10, what is 1056 + 273?
1329
In base 11, what is -13220 + 1?
-1321a
In base 11, what is -54 + -15a?
-203
In base 4, what is -1003120322 + 2?
-1003120320
In base 13, what is -3 - -2284b?
22848
In base 12, what is -4a3 + 50?
-453
In base 12, what is 1103 - -15?
1118
In base 7, what is 126 - 44110?
-43651
In base 13, what is 28 - 2937c?
-29354
In base 13, what is -10 - -3b91?
3b81
In base 4, what is -11 + 233323131?
233323120
In base 7, what is -6623 + -63?
-10016
In base 6, what is -400 - -1133?
333
In base 14, what is 2 + -17436?
-17434
In base 4, what is 23002 - -21?
23023
In base 12, what is 6 - -62a32?
62a38
In base 11, what is -187 - -73?
-114
In base 5, what is 104 + 31?
140
In base 14, what is -7 - -61c?
615
In base 12, what is 4 - ab41?
-ab39
In base 11, what is -27020 - 10?
-27030
In base 14, what is 3 + -2b050?
-2b04b
In base 6, what is 1243411 + 0?
1243411
In base 4, what is -2223 + -313013?
-321302
In base 12, what is -5 - b8004?
-b8009
In base 15, what is -5 - 17496?
-1749b
In base 7, what is -25 - 252551?
-252606
In base 11, what is 379 - 79?
300
In base 7, what is 24 - -11632?
11656
In base 13, what is -aa5551 - 1?
-aa5552
In base 5, what is 10 + 14131200?
14131210
In base 6, what is -1 + 350150?
350145
In base 12, what is 117411 + -9?
117404
In base 3, what is 10200121 - 110111?
10020010
In base 2, what is -1110101001 + -1010?
-1110110011
In base 2, what is -110111010111011 + -101010?
-110111011100101
In base 11, what is -29052 + 0?
-29052
In base 10, what is -849598 - -5?
-849593
In base 7, what is -1534 - -523?
-1011
In base 7, what is 5 + -214355?
-214350
In base 16, what is -32 + -3f6c?
-3f9e
In base 12, what is -89 - 134?
-201
In base 3, what is 1022102 + 220?
1100022
In base 9, what is 24824 + 3?
24827
In base 6, what is 3 + 1035325?
1035332
In base 11, what is -1092 - -792?
-400
In base 14, what is 3015 - 3c?
2db7
In base 3, what is 11 - 112112010?
-112111222
In base 7, what is -2205520 - 14?
-2205534
In base 14, what is 4 - 90d73?
-90d6d
In base 11, what is -7 - -17834?
17828
In base 13, what is 86363 + 0?
86363
In base 2, what is -110010111100 + -1011101?
-110100011001
In base 12, what is 1 + 5492a?
5492b
In base 6, what is -4431 + -55?
-4530
In base 16, what is -a4ab - -7?
-a4a4
In base 7, what is -652600 - -3?
-652564
In base 2, what is 11001100110011 - -1?
11001100110100
In base 7, what is 45116 + -3?
45113
In base 3, what is -1102100102110 - 1?
-1102100102111
In base 12, what is -2 - -58a4?
58a2
In base 3, what is 122210022011 - -11?
122210022022
In base 11, what is 16 + 1653?
1669
In base 16, what is 140 - f9?
47
In base 3, what is -1002101 - -222?
-1001102
In base 3, what is 120210012 - 12010?
120121002
In base 10, what is 29342 - -23?
29365
In base 14, what is -2c8 + 1342?
1058
In base 6, what is 2 + 253442?
253444
In base 4, what is 2222 + -2030330?
-2022102
In base 5, what is 23022232 + 12?
23022244
In base 12, what is -4ba3 - 213?
-51b6
In base 10, what is 0 + 12907?
12907
In base 9, what is 82 + 2038?
2131
In base 15, what is 10 - -29a77?
29a87
In base 15, what is -adb6e + 0?
-adb6e
In base 8, what is 532 + 173?
725
In base 6, what is -1202 + -1355?
-3001
In base 8, what is -2050711 - -4?
-2050705
In base 12, what is -5 + -b225?
-b22a
In base 14, what is dd1 - 2b?
da4
In base 9, what is 347 + 418?
766
In base 2, what is -100001010000001110110 + 101?
-100001010000001110001
In base 14, what is -945b + -45?
-94a2
In base 3, what is 2021210112 - -2?
2021210121
In base 4, what is 111 + -3130001?
-3123230
In base 2, what is 10001101100 - 100?
10001101000
In base 5, what is 2210144 - -1?
2210200
In base 15, what is -72 - -18d?
11b
In base 11, what is -2 - 588a?
-5891
In base 12, what is -224 - -531?
309
In base 7, what is -64165 - 45?
-64243
In base 15, what is c4 - 18ca?
-1806
In base 3, what is 10020221000 - -102?
10020221102
In base 12, what is 243 - -a79?
1100
In base